(14)?
7
Let w(l) = l + 70. Calculate w(10).
80
Let u(n) = 12*n - 558. What is u(39)?
-90
Let y(w) = -6*w**2 + 4*w - 203. What is y(9)?
-653
Let v(d) = 31*d - 11. Calculate v(1).
20
Let v(j) = -j**3 + 52*j**2 - 191*j - 50. Determine v(48).
-2
Let p(o) = -16*o - 444. Give p(-28).
4
Let l(i) = i**3 + 16*i**2 + 56*i + 50. Calculate l(-10).
90
Let a(f) = f**3 - 31*f**2 - 7*f + 228. Determine a(31).
11
Let c(t) = -15*t + 4. Determine c(7).
-101
Let k(w) = -83*w**3 - 6*w**2 + 8*w - 6. Give k(1).
-87
Let u(y) = -4527*y - 104124. What is u(-23)?
-3
Let m(b) = b**2 - 9. Calculate m(-3).
0
Let x(b) = 5*b + 10. What is x(-20)?
-90
Let a(f) = -2*f**3 + 14*f**2 + 466*f + 123. Determine a(-12).
3
Let q(p) = -19*p + 1632. Give q(53).
625
Let h(w) = -20*w - 182. What is h(-5)?
-82
Let b(d) = d**3 + 45*d**2 - 96*d + 435. Calculate b(-47).
529
Let w(a) = -2*a**3 - 11*a**2 + 24*a + 19. Calculate w(-7).
-2
Let r(h) = -2*h**3 - 47*h**2 + 29*h + 181. Calculate r(-24).
61
Let k(g) = g**3 - 20*g**2 + 15*g - 32. What is k(20)?
268
Let y(i) = i**2 + 40*i - 1048. Calculate y(18).
-4
Let z(u) = 24*u + 1602. Determine z(-67).
-6
Let o(a) = 12*a - 360. What is o(17)?
-156
Let s(a) = 3*a**3 + 427*a**2 + 568*a + 578. Give s(-141).
14
Let g(v) = 2*v**2 - 69*v - 350. Determine g(40).
90
Let d(x) = 59*x - 289. Give d(5).
6
Let t(x) = 92*x - 5346. Determine t(58).
-10
Let m(s) = -2*s**2 + 953*s + 953. Determine m(-1).
-2
Let p(q) = -5*q**2 - 437*q - 608. Determine p(-86).
-6
Let s(y) = -14*y - 134. Determine s(18).
-386
Let r(t) = -16*t**3 + 17*t**2 - 45*t - 1. Determine r(3).
-415
Let f(b) = -2*b**3 + 182*b**2 - 398*b + 3731. Calculate f(89).
-7
Let d(l) = -7*l**2 + 9*l + 40. Calculate d(-2).
-6
Let n(w) = 26*w + 53. Calculate n(-7).
-129
Let u(r) = 4*r**2 + 17*r - 362. What is u(-12)?
10
Let g(z) = 2*z**3 - 11*z**2 + 2*z + 12. Determine g(5).
-3
Let y(r) = r**2 + 6*r - 17. Give y(10).
143
Let o(f) = -307*f + 2054. What is o(7)?
-95
Let x(d) = 3*d**2 - 563*d + 939. Give x(186).
9
Let j(b) = b**3 + 16*b**2 - 2*b + 606. What is j(-18)?
-6
Let k(p) = -p**3 + 10*p**2 + 4*p + 91. What is k(11)?
14
Let x(y) = -8*y**2 + 282*y - 85. Give x(35).
-15
Let m(z) = 4*z**3 - 133*z**2 + 17*z + 533. Give m(33).
5
Let a(b) = -2*b**3 - 85*b**2 - 129*b - 248. Calculate a(-41).
-2
Let u(w) = -1415*w + 11326. Calculate u(8).
6
Let k(t) = -2*t**3 + 45*t**2 - 5*t - 376. What is k(22)?
-2
Let u(b) = -438*b + 35922. Determine u(82).
6
Let y(t) = 3*t**2 + 107*t - 84. Calculate y(0).
-84
Let v(h) = -2*h**3 - 25*h**2 + 19*h + 29. What is v(-13)?
-49
Let j(u) = u**2 + 96*u + 1672. Give j(-23).
-7
Let j(o) = -o**3 + 50*o**2 - 24*o + 1262. Calculate j(50).
62
Let r(j) = -7*j + 31. Give r(-12).
115
Let y(c) = 4572*c - 22818. Calculate y(5).
42
Let p(j) = 4*j**2 + 54*j + 59. Determine p(-11).
-51
Let r(o) = -36*o + 112. Calculate r(-8).
400
Let n(g) = 2*g**2 - 616*g + 46089. What is n(180)?
9
Let o(h) = 21*h + 514. Determine o(-25).
-11
Let f(n) = n**3 + 65*n**2 + 178*n - 540. What is f(-62)?
-44
Let x(m) = -295*m + 2968. What is x(10)?
18
Let i(r) = -r**3 - 3*r**2 + 10*r - 4. Calculate i(-6).
44
Let c(r) = r - 215. What is c(100)?
-115
Let t(f) = f**3 + 30*f**2 - 30*f + 128. Calculate t(-31).
97
Let t(a) = -13*a**2 - 193*a - 530. Calculate t(-4).
34
Let m(w) = -1200*w - 115194. Calculate m(-96).
6
Let z(m) = -m**3 + 6*m**2 + 15*m + 12. Give z(10).
-238
Let k(v) = -8*v**2 - 20*v - 54. Calculate k(-3).
-66
Let s(a) = 75*a + 7544. Give s(-102).
-106
Let z(r) = -r**3 - 26*r**2 + 21*r - 975. Give z(-28).
5
Let r(c) = 30*c - 2829. Calculate r(84).
-309
Let g(s) = -s**3 - 4*s**2 + 92*s + 13. Determine g(8).
-19
Let y(w) = -w**3 + 12*w**2 + 62*w - 688. What is y(11)?
115
Let c(t) = -t**3 - 29*t**2 + 281*t + 8647. Give c(-28).
-5
Let t(r) = r**3 + 58*r**2 + 21*r + 1258. Give t(-58).
40
Let w(a) = -3646*a + 105730. Calculate w(29).
-4
Let n(s) = 3*s**3 + 44*s**2 - 7*s + 9. Give n(-12).
1245
Let f(c) = -6*c**2 - 80*c + 11. Give f(-13).
37
Let p(w) = 23*w + 569. Determine p(-25).
-6
Let n(h) = -4257*h - 21279. Give n(-5).
6
Let v(x) = -x**3 + 21*x**2 + 63*x + 155. Determine v(23).
546
Let j(s) = s**3 - 14*s**2 - 34*s - 293. Determine j(17).
-4
Let h(p) = 40*p + 1116. Calculate h(-32).
-164
Let g(m) = -22*m - 59. Give g(6).
-191
Let r(j) = 47*j - 2405. Calculate r(51).
-8
Let q(x) = x**2 + 91*x + 132. Calculate q(-89).
-46
Let x(o) = -o**2 + 32*o + 314. Calculate x(40).
-6
Let n(i) = i**2 - 92*i + 497. Give n(6).
-19
Let w(z) = z**2 + 23*z - 680. What is w(17)?
0
Let m(z) = 36*z + 7089. Calculate m(-197).
-3
Let j(r) = -r**2 + 27*r - 7. Give j(6).
119
Let x(m) = -2*m**2 - 25*m + 31. What is x(-13)?
18
Let y(p) = 18*p + 1595. Give y(-89).
-7
Let d(y) = y**2 - 114*y + 1043. Calculate d(10).
3
Let y(p) = p**3 + 36*p**2 + 134*p + 321. Calculate y(-32).
129
Let d(k) = -2*k**3 + 50*k**2 + 50*k + 59. Give d(26).
7
Let z(d) = -2*d**2 - 17*d - 27. Determine z(-5).
8
Let q(y) = 340*y**3 + 3*y**2 - 3*y + 3. Calculate q(1).
343
Let a(x) = -226*x + 2031. Determine a(9).
-3
Let h(g) = 2*g**2 + 150*g + 1881. Calculate h(-59).
-7
Let g(f) = f**2 - 195*f + 1491. Calculate g(8).
-5
Let k(c) = -c**2 + 30*c + 1. Calculate k(22).
177
Let t(s) = 92*s - 578. Calculate t(5).
-118
Let g(z) = z - 63. What is g(17)?
-46
Let u(b) = -71*b - 174. Give u(-4).
110
Let b(y) = -y**2 - 30*y - 144. Give b(-20).
56
Let o(t) = -t + 29. Calculate o(14).
15
Let t(i) = -i**2 + 6*i - 95. What is t(-10)?
-255
Let g(z) = 41*z - 84. Give g(-3).
-207
Let d(o) = 784*o + 5486. Calculate d(-7).
-2
Let p(o) = -o**3 - 6*o**2 - 3*o - 16. Calculate p(-6).
2
Let p(a) = -65*a + 522. Determine p(8).
2
Let v(f) = f**2 - 48*f - 158. Calculate v(48).
-158
Let u(g) = 194*g + 7364. Give u(-38).
-8
Let n(w) = -w**2 + 376*w + 1914. Determine n(-5).
9
Let x(p) = -p**2 + 56*p + 189. Determine x(0).
189
Let k(z) = z**2 + 19*z - 147. Calculate k(-20).
-127
Let c(i) = -306*i + 6059. What is c(19)?
245
Let t(d) = d**2 + 53*d + 510. Give t(-40).
-10
Let v(t) = -t**2 + 4*t + 13. Give v(-5).
-32
Let g(c) = c**3 - 53*c**2 - 171*c + 164. Determine g(56).
-4
Let c(q) = -2*q**3 - 2*q**2 - 4*q - 6. Calculate c(-2).
10
Let l(p) = 3*p**2 - 53*p - 24. What is l(13)?
-206
Let q(x) = 188*x + 2067. Calculate q(-11).
-1
Let z(l) = -3*l**2 - 63*l - 243. Calculate z(-5).
-3
Let r(y) = -8*y + 389. Give r(49).
-3
Let q(a) = -a**2 + 64*a - 594. Determine q(49).
141
Let a(y) = 3*y**2 + 13*y + 110. Give a(-9).
236
Let o(w) = -48*w - 1001. Give o(-21).
7
Let w(f) = -f**3 - 7*f**2 + 40*f + 294. Calculate w(-7).
14
Let v(y) = y**2 + 32*y + 340. Give v(-22).
120
Let i(n) = 43*n**2 - 295*n - 52. Determine i(8).
340
Let x(b) = -29*b - 231. Calculate x(-8).
1
Let c(l) = l**2 - 22*l + 7. Give c(-8).
247
Let z(v) = v**3 - 24*v**2 + 4*v - 32. Calculate z(24).
64
Let m(r) = 12*r - 1160. Determine m(97).
4
Let c(b) = -b**3 + 12*b**2 + 23*b - 5. Give c(-3).
61
Let u(j) = -1083*j + 12983. What is u(12)?
-13
Let t(s) = 4*s**2 - 2*s + 24. Give t(7).
206
Let x(y) = 2*y**3 - 20*y**2 + 20*y + 158. Give x(7).
4
Let w(f) = -790*f - 18169. Calculate w(-23).
1
Let l(k) = -k**3 - 65*k**2 - 282*k - 161. Give l(-4).
-9
Let s(l) = 3*l**3 + 116*l**2 + 31*l + 2728. Calculate s(-39).
-2
Let t(q) = -93*q**2 - 9*q - 24. Calculate t(-2).
-378
Let h(s) = -2*s**3 - 146*s**2 + 454*s - 132. What is h(-76)?
20
Let k(z) = -23*z**3 + 167*z**2 - 259*z + 12. What is k(5)?
17
Let u(y) = 18*y + 28. Determine u(-4).
-44
Let c(n) = -321*n - 7692. Calculate c(-24).
12
Let l(d) = d**2 + 22*d + 80. Calculate l(-5).
-5
Let k(q) = -q**3 - 25*q**2 - 65*q - 32. Determine k(-22).
-54
Let i(l) = -10*l**3 + 15*l**2 + 57*l + 4. Give i(-3).
238
Let k(f) = -93*f + 1214. Give k(13).
5
Let o(r) = -2*r**3 - 26*r**2 + 10*r - 19. What is o(-13)?
-149
Let k(d) = 789*d - 14201. Calculate k(18).
1
Let w(z) = 330*z - 1646. What is w(5)?
4
Let q(h) = 403*h + 2643. Calculate q(-7).
-178
Let n(u) = 10*u + 171. Calculate n(-23).
-59
Let f(x) = x**3 + 25*x**2 - 60*x - 9. Give f(-27).
153
Let z(x) = -22*x**2 + 44*x - 21. Give z(1).
1
Let i(n) = 25*n**2 - 7*n + 7. Determine i(1).
25
Let s(u) = 129*u + 38. Determine s(2).
296
Let q(j) = -j**3 - 10*j**2 + 51*j - 142. Determine q(7).
-618
Let b(n) = -3*n**3 + 296*n**2 - 193*n - 189. Determine b(98).
105
Let w(i) = 4*i**3 + 6*i**2 - 9*